Last updated on 2021-07-01 01:49:29 CEST.
Flavor | Version | Tinstall | Tcheck | Ttotal | Status | Flags |
---|---|---|---|---|---|---|
r-devel-linux-x86_64-debian-clang | 0.7.7 | 6.75 | 87.73 | 94.48 | OK | |
r-devel-linux-x86_64-debian-gcc | 0.7.7 | 5.58 | 66.89 | 72.47 | OK | |
r-devel-linux-x86_64-fedora-clang | 0.7.7 | 119.57 | NOTE | |||
r-devel-linux-x86_64-fedora-gcc | 0.7.7 | 114.04 | OK | |||
r-devel-windows-x86_64 | 0.7.7 | 8.00 | 117.00 | 125.00 | OK | |
r-devel-windows-x86_64-gcc10-UCRT | 0.7.7 | OK | ||||
r-patched-linux-x86_64 | 0.7.7 | 7.98 | 84.82 | 92.80 | OK | |
r-patched-solaris-x86 | 0.7.7 | 176.20 | OK | |||
r-release-linux-x86_64 | 0.7.7 | 6.41 | 85.00 | 91.41 | OK | |
r-release-macos-arm64 | 0.7.7 | ERROR | ||||
r-release-macos-x86_64 | 0.7.7 | OK | ||||
r-release-windows-ix86+x86_64 | 0.7.7 | 13.00 | 108.00 | 121.00 | OK | |
r-oldrel-macos-x86_64 | 0.7.7 | OK | ||||
r-oldrel-windows-ix86+x86_64 | 0.7.7 | 13.00 | 97.00 | 110.00 | OK |
Version: 0.7.7
Check: Rd cross-references
Result: NOTE
Undeclared package ‘SIBER’ in Rd xrefs
Flavor: r-devel-linux-x86_64-fedora-clang
Version: 0.7.7
Check: package dependencies
Result: ERROR
Package required but not available: ‘rjags’
See section ‘The DESCRIPTION file’ in the ‘Writing R Extensions’
manual.
Flavor: r-release-macos-arm64