CRAN Package Check Results for Package taxlist

Last updated on 2021-07-01 01:49:29 CEST.

Flavor Version Tinstall Tcheck Ttotal Status Flags
r-devel-linux-x86_64-debian-clang 0.2.1 9.99 90.64 100.63 OK
r-devel-linux-x86_64-debian-gcc 0.2.1 8.08 67.00 75.08 OK
r-devel-linux-x86_64-fedora-clang 0.2.1 124.76 NOTE
r-devel-linux-x86_64-fedora-gcc 0.2.1 113.87 NOTE
r-devel-windows-x86_64 0.2.1 25.00 117.00 142.00 OK
r-devel-windows-x86_64-gcc10-UCRT 0.2.1 NOTE
r-patched-linux-x86_64 0.2.1 14.84 82.37 97.21 OK
r-patched-solaris-x86 0.2.1 168.80 NOTE
r-release-linux-x86_64 0.2.1 8.13 84.10 92.23 OK
r-release-macos-arm64 0.2.1 NOTE
r-release-macos-x86_64 0.2.1 NOTE
r-release-windows-ix86+x86_64 0.2.1 24.00 97.00 121.00 OK
r-oldrel-macos-x86_64 0.2.1 NOTE
r-oldrel-windows-ix86+x86_64 0.2.1 26.00 117.00 143.00 OK

Check Details

Version: 0.2.1
Check: data for non-ASCII characters
Result: NOTE
     Note: found 137 marked UTF-8 strings
Flavors: r-devel-linux-x86_64-fedora-clang, r-devel-linux-x86_64-fedora-gcc, r-devel-windows-x86_64-gcc10-UCRT, r-patched-solaris-x86, r-release-macos-arm64, r-release-macos-x86_64, r-oldrel-macos-x86_64