Last updated on 2021-07-01 01:49:29 CEST.
Flavor | Version | Tinstall | Tcheck | Ttotal | Status | Flags |
---|---|---|---|---|---|---|
r-devel-linux-x86_64-debian-clang | 1.0.1 | 3.34 | 214.41 | 217.75 | NOTE | |
r-devel-linux-x86_64-debian-gcc | 1.0.1 | 2.49 | 152.16 | 154.65 | NOTE | |
r-devel-linux-x86_64-fedora-clang | 1.0.1 | 257.66 | NOTE | |||
r-devel-linux-x86_64-fedora-gcc | 1.0.1 | 253.15 | NOTE | |||
r-devel-windows-x86_64 | 1.0.1 | 5.00 | 259.00 | 264.00 | NOTE | |
r-devel-windows-x86_64-gcc10-UCRT | 1.0.1 | NOTE | ||||
r-patched-linux-x86_64 | 1.0.1 | 4.25 | 201.70 | 205.95 | NOTE | |
r-patched-solaris-x86 | 1.0.1 | 382.90 | NOTE | |||
r-release-linux-x86_64 | 1.0.1 | 3.91 | 203.89 | 207.80 | NOTE | |
r-release-macos-arm64 | 1.0.1 | NOTE | ||||
r-release-macos-x86_64 | 1.0.1 | NOTE | ||||
r-release-windows-ix86+x86_64 | 1.0.1 | 5.00 | 228.00 | 233.00 | NOTE | |
r-oldrel-macos-x86_64 | 1.0.1 | OK | ||||
r-oldrel-windows-ix86+x86_64 | 1.0.1 | 8.00 | 262.00 | 270.00 | OK |
Version: 1.0.1
Check: LazyData
Result: NOTE
'LazyData' is specified without a 'data' directory
Flavors: r-devel-linux-x86_64-debian-clang, r-devel-linux-x86_64-debian-gcc, r-devel-linux-x86_64-fedora-clang, r-devel-linux-x86_64-fedora-gcc, r-devel-windows-x86_64, r-devel-windows-x86_64-gcc10-UCRT, r-patched-linux-x86_64, r-patched-solaris-x86, r-release-linux-x86_64, r-release-macos-arm64, r-release-macos-x86_64, r-release-windows-ix86+x86_64