Last updated on 2021-07-01 01:49:29 CEST.
Flavor | Version | Tinstall | Tcheck | Ttotal | Status | Flags |
---|---|---|---|---|---|---|
r-devel-linux-x86_64-debian-clang | 0.8.0 | 7.22 | 75.13 | 82.35 | NOTE | |
r-devel-linux-x86_64-debian-gcc | 0.8.0 | 6.49 | 58.31 | 64.80 | NOTE | |
r-devel-linux-x86_64-fedora-clang | 0.8.0 | 107.83 | NOTE | |||
r-devel-linux-x86_64-fedora-gcc | 0.8.0 | 98.95 | NOTE | |||
r-devel-windows-x86_64 | 0.8.0 | 8.00 | 93.00 | 101.00 | NOTE | |
r-devel-windows-x86_64-gcc10-UCRT | 0.8.0 | NOTE | ||||
r-patched-linux-x86_64 | 0.8.0 | 7.80 | 70.36 | 78.16 | NOTE | |
r-patched-solaris-x86 | 0.8.0 | 141.90 | NOTE | |||
r-release-linux-x86_64 | 0.8.0 | 7.12 | 71.26 | 78.38 | NOTE | |
r-release-macos-arm64 | 0.8.0 | NOTE | ||||
r-release-macos-x86_64 | 0.8.0 | NOTE | ||||
r-release-windows-ix86+x86_64 | 0.8.0 | 24.00 | 90.00 | 114.00 | NOTE | |
r-oldrel-macos-x86_64 | 0.8.0 | OK | ||||
r-oldrel-windows-ix86+x86_64 | 0.8.0 | 17.00 | 98.00 | 115.00 | OK |
Version: 0.8.0
Check: LazyData
Result: NOTE
'LazyData' is specified without a 'data' directory
Flavors: r-devel-linux-x86_64-debian-clang, r-devel-linux-x86_64-debian-gcc, r-devel-linux-x86_64-fedora-clang, r-devel-linux-x86_64-fedora-gcc, r-devel-windows-x86_64, r-devel-windows-x86_64-gcc10-UCRT, r-patched-linux-x86_64, r-patched-solaris-x86, r-release-linux-x86_64, r-release-macos-arm64, r-release-macos-x86_64, r-release-windows-ix86+x86_64