CRAN Package Check Results for Package tictactoe

Last updated on 2021-07-01 01:49:29 CEST.

Flavor Version Tinstall Tcheck Ttotal Status Flags
r-devel-linux-x86_64-debian-clang 0.2.2 3.21 39.03 42.24 NOTE
r-devel-linux-x86_64-debian-gcc 0.2.2 2.30 29.34 31.64 NOTE
r-devel-linux-x86_64-fedora-clang 0.2.2 56.94 NOTE
r-devel-linux-x86_64-fedora-gcc 0.2.2 47.92 NOTE
r-devel-windows-x86_64 0.2.2 5.00 57.00 62.00 NOTE
r-devel-windows-x86_64-gcc10-UCRT 0.2.2 NOTE
r-patched-linux-x86_64 0.2.2 2.82 36.53 39.35 NOTE
r-patched-solaris-x86 0.2.2 66.90 NOTE
r-release-linux-x86_64 0.2.2 2.78 36.95 39.73 NOTE
r-release-macos-arm64 0.2.2 NOTE
r-release-macos-x86_64 0.2.2 NOTE
r-release-windows-ix86+x86_64 0.2.2 6.00 51.00 57.00 NOTE
r-oldrel-macos-x86_64 0.2.2 OK
r-oldrel-windows-ix86+x86_64 0.2.2 6.00 46.00 52.00 OK

Check Details

Version: 0.2.2
Check: LazyData
Result: NOTE
     'LazyData' is specified without a 'data' directory
Flavors: r-devel-linux-x86_64-debian-clang, r-devel-linux-x86_64-debian-gcc, r-devel-linux-x86_64-fedora-clang, r-devel-linux-x86_64-fedora-gcc, r-devel-windows-x86_64, r-devel-windows-x86_64-gcc10-UCRT, r-patched-linux-x86_64, r-patched-solaris-x86, r-release-linux-x86_64, r-release-macos-arm64, r-release-macos-x86_64, r-release-windows-ix86+x86_64