Last updated on 2021-07-01 01:49:29 CEST.
Flavor | Version | Tinstall | Tcheck | Ttotal | Status | Flags |
---|---|---|---|---|---|---|
r-devel-linux-x86_64-debian-clang | 2.3.1 | 9.30 | 201.00 | 210.30 | NOTE | |
r-devel-linux-x86_64-debian-gcc | 2.3.1 | 6.70 | 153.15 | 159.85 | NOTE | |
r-devel-linux-x86_64-fedora-clang | 2.3.1 | 265.27 | NOTE | |||
r-devel-linux-x86_64-fedora-gcc | 2.3.1 | 243.91 | NOTE | |||
r-devel-windows-x86_64 | 2.3.1 | 29.00 | 242.00 | 271.00 | NOTE | |
r-devel-windows-x86_64-gcc10-UCRT | 2.3.1 | NOTE | ||||
r-patched-linux-x86_64 | 2.3.1 | 14.95 | 189.67 | 204.62 | NOTE | |
r-patched-solaris-x86 | 2.3.1 | 330.20 | NOTE | |||
r-release-linux-x86_64 | 2.3.1 | 8.62 | 191.50 | 200.12 | NOTE | |
r-release-macos-arm64 | 2.3.1 | NOTE | ||||
r-release-macos-x86_64 | 2.3.1 | NOTE | ||||
r-release-windows-ix86+x86_64 | 2.3.1 | 22.00 | 244.00 | 266.00 | NOTE | |
r-oldrel-macos-x86_64 | 2.3.1 | OK | ||||
r-oldrel-windows-ix86+x86_64 | 2.3.1 | 20.00 | 213.00 | 233.00 | OK |
Version: 2.3.1
Check: LazyData
Result: NOTE
'LazyData' is specified without a 'data' directory
Flavors: r-devel-linux-x86_64-debian-clang, r-devel-linux-x86_64-debian-gcc, r-devel-linux-x86_64-fedora-clang, r-devel-linux-x86_64-fedora-gcc, r-devel-windows-x86_64, r-devel-windows-x86_64-gcc10-UCRT, r-patched-linux-x86_64, r-patched-solaris-x86, r-release-linux-x86_64, r-release-macos-arm64, r-release-macos-x86_64, r-release-windows-ix86+x86_64
Version: 2.3.1
Check: package dependencies
Result: NOTE
Package suggested but not available for checking: ‘gifski’
Flavor: r-patched-solaris-x86
Version: 2.3.1
Check: installed package size
Result: NOTE
installed size is 5.2Mb
sub-directories of 1Mb or more:
doc 4.5Mb
Flavor: r-patched-solaris-x86
Version: 2.3.1
Check: package dependencies
Result: NOTE
Packages suggested but not available for checking:
'runjags', 'rjags', 'jagsUI', 'transformr'
Flavor: r-release-macos-arm64
Version: 2.3.1
Check: Rd cross-references
Result: NOTE
Packages unavailable to check Rd xrefs: ‘runjags’, ‘rjags’, ‘jagsUI’
Flavor: r-release-macos-arm64