Last updated on 2021-07-01 01:49:29 CEST.
Flavor | Version | Tinstall | Tcheck | Ttotal | Status | Flags |
---|---|---|---|---|---|---|
r-devel-linux-x86_64-debian-clang | 1.0 | 14.05 | 92.50 | 106.55 | OK | |
r-devel-linux-x86_64-debian-gcc | 1.0 | 10.35 | 69.86 | 80.21 | OK | |
r-devel-linux-x86_64-fedora-clang | 1.0 | 134.79 | NOTE | |||
r-devel-linux-x86_64-fedora-gcc | 1.0 | 120.97 | NOTE | |||
r-devel-windows-x86_64 | 1.0 | 16.00 | 132.00 | 148.00 | OK | |
r-devel-windows-x86_64-gcc10-UCRT | 1.0 | NOTE | ||||
r-patched-linux-x86_64 | 1.0 | 11.85 | 86.80 | 98.65 | OK | |
r-patched-solaris-x86 | 1.0 | 183.50 | NOTE | |||
r-release-linux-x86_64 | 1.0 | 10.81 | 85.56 | 96.37 | OK | |
r-release-macos-arm64 | 1.0 | NOTE | ||||
r-release-macos-x86_64 | 1.0 | NOTE | ||||
r-release-windows-ix86+x86_64 | 1.0 | 37.00 | 142.00 | 179.00 | OK | |
r-oldrel-macos-x86_64 | 1.0 | NOTE | ||||
r-oldrel-windows-ix86+x86_64 | 1.0 | 40.00 | 117.00 | 157.00 | OK |
Version: 1.0
Check: data for non-ASCII characters
Result: NOTE
Note: found 2 marked UTF-8 strings
Flavors: r-devel-linux-x86_64-fedora-clang, r-devel-linux-x86_64-fedora-gcc, r-devel-windows-x86_64-gcc10-UCRT, r-patched-solaris-x86, r-release-macos-arm64, r-release-macos-x86_64, r-oldrel-macos-x86_64