CRAN Package Check Results for Package tidyfast

Last updated on 2021-07-01 01:49:29 CEST.

Flavor Version Tinstall Tcheck Ttotal Status Flags
r-devel-linux-x86_64-debian-clang 0.2.1 19.71 50.83 70.54 NOTE
r-devel-linux-x86_64-debian-gcc 0.2.1 12.43 37.65 50.08 NOTE
r-devel-linux-x86_64-fedora-clang 0.2.1 95.88 NOTE
r-devel-linux-x86_64-fedora-gcc 0.2.1 78.19 NOTE
r-devel-windows-x86_64 0.2.1 22.00 77.00 99.00 NOTE
r-devel-windows-x86_64-gcc10-UCRT 0.2.1 NOTE
r-patched-linux-x86_64 0.2.1 15.34 46.29 61.63 NOTE
r-patched-solaris-x86 0.2.1 102.40 NOTE
r-release-linux-x86_64 0.2.1 14.64 45.37 60.01 NOTE
r-release-macos-arm64 0.2.1 NOTE
r-release-macos-x86_64 0.2.1 NOTE
r-release-windows-ix86+x86_64 0.2.1 36.00 102.00 138.00 NOTE
r-oldrel-macos-x86_64 0.2.1 OK
r-oldrel-windows-ix86+x86_64 0.2.1 44.00 107.00 151.00 OK

Check Details

Version: 0.2.1
Check: LazyData
Result: NOTE
     'LazyData' is specified without a 'data' directory
Flavors: r-devel-linux-x86_64-debian-clang, r-devel-linux-x86_64-debian-gcc, r-devel-linux-x86_64-fedora-clang, r-devel-linux-x86_64-fedora-gcc, r-devel-windows-x86_64, r-devel-windows-x86_64-gcc10-UCRT, r-patched-linux-x86_64, r-patched-solaris-x86, r-release-linux-x86_64, r-release-macos-arm64, r-release-macos-x86_64, r-release-windows-ix86+x86_64