Last updated on 2021-07-01 01:49:29 CEST.
Flavor | Version | Tinstall | Tcheck | Ttotal | Status | Flags |
---|---|---|---|---|---|---|
r-devel-linux-x86_64-debian-clang | 1.0.3 | 13.55 | 239.52 | 253.07 | OK | |
r-devel-linux-x86_64-debian-gcc | 1.0.3 | 9.60 | 175.07 | 184.67 | OK | |
r-devel-linux-x86_64-fedora-clang | 1.0.3 | 280.29 | NOTE | |||
r-devel-linux-x86_64-fedora-gcc | 1.0.3 | 262.70 | NOTE | |||
r-devel-windows-x86_64 | 1.0.3 | 25.00 | 309.00 | 334.00 | NOTE | |
r-devel-windows-x86_64-gcc10-UCRT | 1.0.3 | NOTE | ||||
r-patched-linux-x86_64 | 1.0.3 | 16.45 | 217.53 | 233.98 | OK | |
r-patched-solaris-x86 | 1.0.3 | 355.80 | NOTE | |||
r-release-linux-x86_64 | 1.0.3 | 10.01 | 216.62 | 226.63 | OK | |
r-release-macos-arm64 | 1.0.3 | NOTE | ||||
r-release-macos-x86_64 | 1.0.3 | NOTE | ||||
r-release-windows-ix86+x86_64 | 1.0.3 | 27.00 | 310.00 | 337.00 | NOTE | |
r-oldrel-macos-x86_64 | 1.0.3 | NOTE | ||||
r-oldrel-windows-ix86+x86_64 | 1.0.3 | 22.00 | 272.00 | 294.00 | NOTE |
Version: 1.0.3
Check: package dependencies
Result: NOTE
Imports includes 25 non-default packages.
Importing from so many packages makes the package vulnerable to any of
them becoming unavailable. Move as many as possible to Suggests and
use conditionally.
Flavor: r-devel-linux-x86_64-fedora-clang
Version: 1.0.3
Check: installed package size
Result: NOTE
installed size is 5.1Mb
sub-directories of 1Mb or more:
doc 4.2Mb
Flavors: r-devel-linux-x86_64-fedora-clang, r-devel-windows-x86_64, r-patched-solaris-x86, r-release-macos-arm64, r-release-macos-x86_64, r-release-windows-ix86+x86_64, r-oldrel-macos-x86_64, r-oldrel-windows-ix86+x86_64
Version: 1.0.3
Check: dependencies in R code
Result: NOTE
Namespace in Imports field not imported from: ‘janitor’
All declared Imports should be used.
Flavors: r-devel-linux-x86_64-fedora-clang, r-devel-linux-x86_64-fedora-gcc, r-devel-windows-x86_64-gcc10-UCRT, r-patched-solaris-x86, r-release-macos-arm64, r-release-macos-x86_64, r-oldrel-macos-x86_64
Version: 1.0.3
Check: package dependencies
Result: NOTE
Package suggested but not available for checking: ‘Rblpapi’
Flavors: r-patched-solaris-x86, r-release-macos-arm64
Version: 1.0.3
Check: Rd cross-references
Result: NOTE
Package unavailable to check Rd xrefs: ‘Rblpapi’
Flavor: r-release-macos-arm64