CRAN Package Check Results for Package tmt

Last updated on 2021-07-01 01:49:29 CEST.

Flavor Version Tinstall Tcheck Ttotal Status Flags
r-devel-linux-x86_64-debian-clang 0.2.1-0 33.43 84.52 117.95 NOTE
r-devel-linux-x86_64-debian-gcc 0.2.1-0 23.65 62.28 85.93 NOTE
r-devel-linux-x86_64-fedora-clang 0.2.1-0 155.45 NOTE
r-devel-linux-x86_64-fedora-gcc 0.2.1-0 141.68 NOTE
r-devel-windows-x86_64 0.2.1-0 35.00 118.00 153.00 NOTE
r-devel-windows-x86_64-gcc10-UCRT 0.2.1-0 NOTE
r-patched-linux-x86_64 0.2.1-0 30.20 78.32 108.52 NOTE
r-patched-solaris-x86 0.2.1-0 186.10 NOTE
r-release-linux-x86_64 0.2.1-0 27.29 78.70 105.99 NOTE
r-release-macos-arm64 0.2.1-0 NOTE
r-release-macos-x86_64 0.2.1-0 NOTE
r-release-windows-ix86+x86_64 0.2.1-0 69.00 142.00 211.00 NOTE
r-oldrel-macos-x86_64 0.2.1-0 OK
r-oldrel-windows-ix86+x86_64 0.2.1-0 83.00 139.00 222.00 OK

Check Details

Version: 0.2.1-0
Check: LazyData
Result: NOTE
     'LazyData' is specified without a 'data' directory
Flavors: r-devel-linux-x86_64-debian-clang, r-devel-linux-x86_64-debian-gcc, r-devel-linux-x86_64-fedora-clang, r-devel-linux-x86_64-fedora-gcc, r-devel-windows-x86_64, r-devel-windows-x86_64-gcc10-UCRT, r-patched-linux-x86_64, r-patched-solaris-x86, r-release-linux-x86_64, r-release-macos-arm64, r-release-macos-x86_64, r-release-windows-ix86+x86_64