Last updated on 2021-07-01 01:49:29 CEST.
Flavor | Version | Tinstall | Tcheck | Ttotal | Status | Flags |
---|---|---|---|---|---|---|
r-devel-linux-x86_64-debian-clang | 0.1.2 | 2.81 | 34.22 | 37.03 | NOTE | |
r-devel-linux-x86_64-debian-gcc | 0.1.2 | 2.14 | 27.11 | 29.25 | NOTE | |
r-devel-linux-x86_64-fedora-clang | 0.1.2 | 53.27 | NOTE | |||
r-devel-linux-x86_64-fedora-gcc | 0.1.2 | 43.13 | NOTE | |||
r-devel-windows-x86_64 | 0.1.2 | 6.00 | 44.00 | 50.00 | NOTE | |
r-devel-windows-x86_64-gcc10-UCRT | 0.1.2 | NOTE | ||||
r-patched-linux-x86_64 | 0.1.2 | 2.83 | 33.17 | 36.00 | NOTE | |
r-patched-solaris-x86 | 0.1.2 | 69.80 | NOTE | |||
r-release-linux-x86_64 | 0.1.2 | 2.73 | 32.91 | 35.64 | NOTE | |
r-release-macos-arm64 | 0.1.2 | NOTE | ||||
r-release-macos-x86_64 | 0.1.2 | NOTE | ||||
r-release-windows-ix86+x86_64 | 0.1.2 | 5.00 | 48.00 | 53.00 | NOTE | |
r-oldrel-macos-x86_64 | 0.1.2 | NOTE | ||||
r-oldrel-windows-ix86+x86_64 | 0.1.2 | 5.00 | 39.00 | 44.00 | NOTE |
Version: 0.1.2
Check: DESCRIPTION meta-information
Result: NOTE
Malformed Description field: should contain one or more complete sentences.
Flavors: r-devel-linux-x86_64-debian-clang, r-devel-linux-x86_64-debian-gcc, r-devel-linux-x86_64-fedora-clang, r-devel-linux-x86_64-fedora-gcc, r-devel-windows-x86_64, r-devel-windows-x86_64-gcc10-UCRT, r-patched-linux-x86_64, r-patched-solaris-x86, r-release-linux-x86_64, r-release-macos-arm64, r-release-macos-x86_64, r-release-windows-ix86+x86_64, r-oldrel-macos-x86_64, r-oldrel-windows-ix86+x86_64