Last updated on 2021-07-01 01:49:29 CEST.
Flavor | Version | Tinstall | Tcheck | Ttotal | Status | Flags |
---|---|---|---|---|---|---|
r-devel-linux-x86_64-debian-clang | 0.0.1 | 3.54 | 52.94 | 56.48 | NOTE | |
r-devel-linux-x86_64-debian-gcc | 0.0.1 | 2.44 | 39.92 | 42.36 | NOTE | |
r-devel-linux-x86_64-fedora-clang | 0.0.1 | 75.67 | NOTE | |||
r-devel-linux-x86_64-fedora-gcc | 0.0.1 | 66.68 | NOTE | |||
r-devel-windows-x86_64 | 0.0.1 | 5.00 | 75.00 | 80.00 | NOTE | |
r-devel-windows-x86_64-gcc10-UCRT | 0.0.1 | NOTE | ||||
r-patched-linux-x86_64 | 0.0.1 | 3.45 | 51.21 | 54.66 | NOTE | |
r-patched-solaris-x86 | 0.0.1 | 121.50 | NOTE | |||
r-release-linux-x86_64 | 0.0.1 | 2.86 | 50.58 | 53.44 | NOTE | |
r-release-macos-arm64 | 0.0.1 | NOTE | ||||
r-release-macos-x86_64 | 0.0.1 | NOTE | ||||
r-release-windows-ix86+x86_64 | 0.0.1 | 5.00 | 72.00 | 77.00 | NOTE | |
r-oldrel-macos-x86_64 | 0.0.1 | OK | ||||
r-oldrel-windows-ix86+x86_64 | 0.0.1 | 7.00 | 63.00 | 70.00 | OK |
Version: 0.0.1
Check: LazyData
Result: NOTE
'LazyData' is specified without a 'data' directory
Flavors: r-devel-linux-x86_64-debian-clang, r-devel-linux-x86_64-debian-gcc, r-devel-linux-x86_64-fedora-clang, r-devel-linux-x86_64-fedora-gcc, r-devel-windows-x86_64, r-devel-windows-x86_64-gcc10-UCRT, r-patched-linux-x86_64, r-patched-solaris-x86, r-release-linux-x86_64, r-release-macos-arm64, r-release-macos-x86_64, r-release-windows-ix86+x86_64