Last updated on 2021-07-01 01:49:29 CEST.
Flavor | Version | Tinstall | Tcheck | Ttotal | Status | Flags |
---|---|---|---|---|---|---|
r-devel-linux-x86_64-debian-clang | 0.1.4 | 6.08 | 73.24 | 79.32 | OK | |
r-devel-linux-x86_64-debian-gcc | 0.1.4 | 5.37 | 54.49 | 59.86 | ERROR | |
r-devel-linux-x86_64-fedora-clang | 0.1.4 | 102.75 | OK | |||
r-devel-linux-x86_64-fedora-gcc | 0.1.4 | 91.65 | OK | |||
r-devel-windows-x86_64 | 0.1.4 | 20.00 | 128.00 | 148.00 | OK | |
r-devel-windows-x86_64-gcc10-UCRT | 0.1.4 | OK | ||||
r-patched-linux-x86_64 | 0.1.4 | 5.36 | 69.87 | 75.23 | OK | |
r-patched-solaris-x86 | 0.1.4 | 164.80 | OK | |||
r-release-linux-x86_64 | 0.1.4 | 5.87 | 68.88 | 74.75 | OK | |
r-release-macos-arm64 | 0.1.4 | OK | ||||
r-release-macos-x86_64 | 0.1.4 | OK | ||||
r-release-windows-ix86+x86_64 | 0.1.4 | 23.00 | 123.00 | 146.00 | OK | |
r-oldrel-macos-x86_64 | 0.1.4 | OK | ||||
r-oldrel-windows-ix86+x86_64 | 0.1.4 | 16.00 | 109.00 | 125.00 | OK |
Version: 0.1.4
Check: examples
Result: ERROR
Running examples in ‘treasuryTR-Ex.R’ failed
The error most likely occurred in:
> base::assign(".ptime", proc.time(), pos = "CheckExEnv")
> ### Name: total_return
> ### Title: Calculate bond total returns from constant-maturity yield data
> ### Aliases: total_return
>
> ### ** Examples
>
> library(dplyr)
> # download US treasury 10Y constant-maturity
> # yield data and compute a total return series
> t10_yield <- get_yields("DGS10")
Error in getSymbols.FRED(Symbols = "DGS10", env = <environment>, verbose = FALSE, :
Unable to import “DGS10”.
Timeout was reached: [fred.stlouisfed.org] Connection timed out after 10001 milliseconds
Calls: get_yields -> <Anonymous> -> do.call -> getSymbols.FRED
Execution halted
Flavor: r-devel-linux-x86_64-debian-gcc