Last updated on 2021-07-01 01:49:29 CEST.
Flavor | Version | Tinstall | Tcheck | Ttotal | Status | Flags |
---|---|---|---|---|---|---|
r-devel-linux-x86_64-debian-clang | 0.12 | 2.84 | 28.97 | 31.81 | NOTE | |
r-devel-linux-x86_64-debian-gcc | 0.12 | 2.00 | 22.78 | 24.78 | NOTE | |
r-devel-linux-x86_64-fedora-clang | 0.12 | 46.10 | NOTE | |||
r-devel-linux-x86_64-fedora-gcc | 0.12 | 36.34 | NOTE | |||
r-devel-windows-x86_64 | 0.12 | 4.00 | 44.00 | 48.00 | NOTE | |
r-devel-windows-x86_64-gcc10-UCRT | 0.12 | NOTE | ||||
r-patched-linux-x86_64 | 0.12 | 2.38 | 27.65 | 30.03 | NOTE | |
r-patched-solaris-x86 | 0.12 | 57.00 | NOTE | |||
r-release-linux-x86_64 | 0.12 | 2.73 | 27.57 | 30.30 | NOTE | |
r-release-macos-arm64 | 0.12 | NOTE | ||||
r-release-macos-x86_64 | 0.12 | NOTE | ||||
r-release-windows-ix86+x86_64 | 0.12 | 6.00 | 39.00 | 45.00 | NOTE | |
r-oldrel-macos-x86_64 | 0.12 | OK | ||||
r-oldrel-windows-ix86+x86_64 | 0.12 | 6.00 | 45.00 | 51.00 | OK |
Version: 0.12
Check: LazyData
Result: NOTE
'LazyData' is specified without a 'data' directory
Flavors: r-devel-linux-x86_64-debian-clang, r-devel-linux-x86_64-debian-gcc, r-devel-linux-x86_64-fedora-clang, r-devel-linux-x86_64-fedora-gcc, r-devel-windows-x86_64, r-devel-windows-x86_64-gcc10-UCRT, r-patched-linux-x86_64, r-patched-solaris-x86, r-release-linux-x86_64, r-release-macos-arm64, r-release-macos-x86_64, r-release-windows-ix86+x86_64