CRAN Package Check Results for Package tsDyn

Last updated on 2021-07-01 01:49:29 CEST.

Flavor Version Tinstall Tcheck Ttotal Status Flags
r-devel-linux-x86_64-debian-clang 10-1.2 26.24 199.46 225.70 OK
r-devel-linux-x86_64-debian-gcc 10-1.2 19.60 144.57 164.17 OK
r-devel-linux-x86_64-fedora-clang 10-1.2 268.26 NOTE
r-devel-linux-x86_64-fedora-gcc 10-1.2 258.91 OK
r-devel-windows-x86_64 10-1.2 38.00 236.00 274.00 OK
r-devel-windows-x86_64-gcc10-UCRT 10-1.2 OK
r-patched-linux-x86_64 10-1.2 23.31 187.04 210.35 OK
r-patched-solaris-x86 10-1.2 340.40 OK
r-release-linux-x86_64 10-1.2 18.16 187.19 205.35 OK
r-release-macos-arm64 10-1.2 OK
r-release-macos-x86_64 10-1.2 OK
r-release-windows-ix86+x86_64 10-1.2 53.00 287.00 340.00 OK
r-oldrel-macos-x86_64 10-1.2 OK
r-oldrel-windows-ix86+x86_64 10-1.2 53.00 309.00 362.00 OK

Check Details

Version: 10-1.2
Check: Rd cross-references
Result: NOTE
    Undeclared package ‘rugarch’ in Rd xrefs
Flavor: r-devel-linux-x86_64-fedora-clang