Last updated on 2021-07-01 01:49:29 CEST.
Flavor | Version | Tinstall | Tcheck | Ttotal | Status | Flags |
---|---|---|---|---|---|---|
r-devel-linux-x86_64-debian-clang | 0.1-13.1 | 4.34 | 28.61 | 32.95 | OK | |
r-devel-linux-x86_64-debian-gcc | 0.1-13.1 | 3.10 | 22.43 | 25.53 | OK | |
r-devel-linux-x86_64-fedora-clang | 0.1-13.1 | 48.92 | NOTE | |||
r-devel-linux-x86_64-fedora-gcc | 0.1-13.1 | 38.04 | NOTE | |||
r-devel-windows-x86_64 | 0.1-13.1 | 7.00 | 46.00 | 53.00 | OK | |
r-devel-windows-x86_64-gcc10-UCRT | 0.1-13.1 | OK | ||||
r-patched-linux-x86_64 | 0.1-13.1 | 4.01 | 27.88 | 31.89 | OK | |
r-patched-solaris-x86 | 0.1-13.1 | 57.40 | OK | |||
r-release-linux-x86_64 | 0.1-13.1 | 3.67 | 27.70 | 31.37 | OK | |
r-release-macos-arm64 | 0.1-13.1 | OK | ||||
r-release-macos-x86_64 | 0.1-13.1 | OK | ||||
r-release-windows-ix86+x86_64 | 0.1-13.1 | 12.00 | 51.00 | 63.00 | OK | |
r-oldrel-macos-x86_64 | 0.1-13.1 | OK | ||||
r-oldrel-windows-ix86+x86_64 | 0.1-13.1 | 15.00 | 56.00 | 71.00 | OK |
Version: 0.1-13.1
Check: compiled code
Result: NOTE
File ‘tseriesChaos/libs/tseriesChaos.so’:
Found no calls to: ‘R_registerRoutines’, ‘R_useDynamicSymbols’
It is good practice to register native routines and to disable symbol
search.
See ‘Writing portable packages’ in the ‘Writing R Extensions’ manual.
Flavors: r-devel-linux-x86_64-fedora-clang, r-devel-linux-x86_64-fedora-gcc