Last updated on 2021-07-01 01:49:29 CEST.
Flavor | Version | Tinstall | Tcheck | Ttotal | Status | Flags |
---|---|---|---|---|---|---|
r-devel-linux-x86_64-debian-clang | 0.4.14 | 55.82 | 109.46 | 165.28 | NOTE | |
r-devel-linux-x86_64-debian-gcc | 0.4.14 | 40.91 | 80.43 | 121.34 | NOTE | |
r-devel-linux-x86_64-fedora-clang | 0.4.14 | 212.71 | NOTE | |||
r-devel-linux-x86_64-fedora-gcc | 0.4.14 | 198.29 | NOTE | |||
r-devel-windows-x86_64 | 0.4.14 | 50.00 | 140.00 | 190.00 | NOTE | |
r-devel-windows-x86_64-gcc10-UCRT | 0.4.14 | NOTE | ||||
r-patched-linux-x86_64 | 0.4.14 | 48.09 | 104.24 | 152.33 | NOTE | |
r-patched-solaris-x86 | 0.4.14 | 215.90 | NOTE | |||
r-release-linux-x86_64 | 0.4.14 | 43.28 | 102.99 | 146.27 | NOTE | |
r-release-macos-arm64 | 0.4.14 | NOTE | ||||
r-release-macos-x86_64 | 0.4.14 | NOTE | ||||
r-release-windows-ix86+x86_64 | 0.4.14 | 116.00 | 154.00 | 270.00 | NOTE | |
r-oldrel-macos-x86_64 | 0.4.14 | NOTE | ||||
r-oldrel-windows-ix86+x86_64 | 0.4.14 | 116.00 | 156.00 | 272.00 | NOTE |
Version: 0.4.14
Check: for GNU extensions in Makefiles
Result: NOTE
GNU make is a SystemRequirements.
Flavors: r-devel-linux-x86_64-debian-clang, r-devel-linux-x86_64-debian-gcc, r-devel-linux-x86_64-fedora-clang, r-devel-linux-x86_64-fedora-gcc, r-devel-windows-x86_64, r-devel-windows-x86_64-gcc10-UCRT, r-patched-linux-x86_64, r-patched-solaris-x86, r-release-linux-x86_64, r-release-macos-arm64, r-release-macos-x86_64, r-release-windows-ix86+x86_64, r-oldrel-macos-x86_64, r-oldrel-windows-ix86+x86_64
Version: 0.4.14
Check: installed package size
Result: NOTE
installed size is 8.3Mb
sub-directories of 1Mb or more:
data 4.6Mb
libs 2.3Mb
Flavors: r-devel-linux-x86_64-fedora-clang, r-devel-windows-x86_64, r-patched-solaris-x86, r-release-macos-arm64, r-release-macos-x86_64, r-release-windows-ix86+x86_64, r-oldrel-macos-x86_64, r-oldrel-windows-ix86+x86_64