CRAN Package Check Results for Package tvgeom

Last updated on 2021-07-01 01:49:30 CEST.

Flavor Version Tinstall Tcheck Ttotal Status Flags
r-devel-linux-x86_64-debian-clang 1.0.1 1.78 38.14 39.92 NOTE
r-devel-linux-x86_64-debian-gcc 1.0.1 1.51 30.05 31.56 NOTE
r-devel-linux-x86_64-fedora-clang 1.0.1 57.01 NOTE
r-devel-linux-x86_64-fedora-gcc 1.0.1 47.03 NOTE
r-devel-windows-x86_64 1.0.1 3.00 55.00 58.00 NOTE
r-devel-windows-x86_64-gcc10-UCRT 1.0.1 NOTE
r-patched-linux-x86_64 1.0.1 1.84 36.63 38.47 NOTE
r-patched-solaris-x86 1.0.1 84.00 NOTE
r-release-linux-x86_64 1.0.1 1.84 36.67 38.51 NOTE
r-release-macos-arm64 1.0.1 NOTE
r-release-macos-x86_64 1.0.1 NOTE
r-release-windows-ix86+x86_64 1.0.1 4.00 53.00 57.00 NOTE
r-oldrel-macos-x86_64 1.0.1 OK
r-oldrel-windows-ix86+x86_64 1.0.1 5.00 46.00 51.00 OK

Check Details

Version: 1.0.1
Check: LazyData
Result: NOTE
     'LazyData' is specified without a 'data' directory
Flavors: r-devel-linux-x86_64-debian-clang, r-devel-linux-x86_64-debian-gcc, r-devel-linux-x86_64-fedora-clang, r-devel-linux-x86_64-fedora-gcc, r-devel-windows-x86_64, r-devel-windows-x86_64-gcc10-UCRT, r-patched-linux-x86_64, r-patched-solaris-x86, r-release-linux-x86_64, r-release-macos-arm64, r-release-macos-x86_64, r-release-windows-ix86+x86_64