CRAN Package Check Results for Package ubiquity

Last updated on 2021-07-01 01:49:30 CEST.

Flavor Version Tinstall Tcheck Ttotal Status Flags
r-devel-linux-x86_64-debian-clang 1.0.5 20.52 162.36 182.88 OK
r-devel-linux-x86_64-debian-gcc 1.0.5 15.56 118.75 134.31 OK
r-devel-linux-x86_64-fedora-clang 1.0.5 206.18 NOTE
r-devel-linux-x86_64-fedora-gcc 1.0.5 213.40 OK
r-devel-windows-x86_64 1.0.5 34.00 208.00 242.00 NOTE
r-devel-windows-x86_64-gcc10-UCRT 1.0.5 OK
r-patched-linux-x86_64 1.0.5 20.52 151.07 171.59 OK
r-patched-solaris-x86 1.0.5 270.80 WARN
r-release-linux-x86_64 1.0.5 16.97 151.48 168.45 OK
r-release-macos-arm64 1.0.5 WARN
r-release-macos-x86_64 1.0.5 WARN
r-release-windows-ix86+x86_64 1.0.5 43.00 198.00 241.00 NOTE
r-oldrel-macos-x86_64 1.0.5 WARN
r-oldrel-windows-ix86+x86_64 1.0.5 40.00 168.00 208.00 NOTE

Check Details

Version: 1.0.5
Check: package dependencies
Result: NOTE
    Imports includes 22 non-default packages.
    Importing from so many packages makes the package vulnerable to any of
    them becoming unavailable. Move as many as possible to Suggests and
    use conditionally.
Flavor: r-devel-linux-x86_64-fedora-clang

Version: 1.0.5
Check: installed package size
Result: NOTE
     installed size is 9.9Mb
     sub-directories of 1Mb or more:
     doc 6.6Mb
     ubinc 2.2Mb
Flavors: r-devel-linux-x86_64-fedora-clang, r-devel-windows-x86_64, r-patched-solaris-x86, r-release-macos-arm64, r-release-macos-x86_64, r-release-windows-ix86+x86_64, r-oldrel-macos-x86_64, r-oldrel-windows-ix86+x86_64

Version: 1.0.5
Check: re-building of vignette outputs
Result: WARN
    Error(s) in re-building vignettes:
     ...
    --- re-building ‘Deployment.Rmd’ using rmarkdown
    Warning in engine$weave(file, quiet = quiet, encoding = enc) :
     Pandoc (>= 1.12.3) not available. Falling back to R Markdown v1.
    --- finished re-building ‘Deployment.Rmd’
    
    --- re-building ‘Estimation.Rmd’ using rmarkdown
    Warning in engine$weave(file, quiet = quiet, encoding = enc) :
     Pandoc (>= 1.12.3) not available. Falling back to R Markdown v1.
    --- finished re-building ‘Estimation.Rmd’
    
    --- re-building ‘Language.Rmd’ using rmarkdown
    Warning in engine$weave(file, quiet = quiet, encoding = enc) :
     Pandoc (>= 1.12.3) not available. Falling back to R Markdown v1.
    --- finished re-building ‘Language.Rmd’
    
    --- re-building ‘NCA.Rmd’ using rmarkdown
    Warning in engine$weave(file, quiet = quiet, encoding = enc) :
     Pandoc (>= 1.12.3) not available. Falling back to R Markdown v1.
    PhantomJS not found. You can install it with webshot::install_phantomjs(). If it is installed, please make sure the phantomjs executable can be found via the PATH variable.
    PhantomJS not found. You can install it with webshot::install_phantomjs(). If it is installed, please make sure the phantomjs executable can be found via the PATH variable.
    Quitting from lines 195-196 (NCA.Rmd)
    Error: processing vignette 'NCA.Rmd' failed with diagnostics:
    invalid 'path' argument
    --- failed re-building ‘NCA.Rmd’
    
    --- re-building ‘Reporting.Rmd’ using rmarkdown
    Warning in engine$weave(file, quiet = quiet, encoding = enc) :
     Pandoc (>= 1.12.3) not available. Falling back to R Markdown v1.
    --- finished re-building ‘Reporting.Rmd’
    
    --- re-building ‘Simulation.Rmd’ using rmarkdown
    Warning in engine$weave(file, quiet = quiet, encoding = enc) :
     Pandoc (>= 1.12.3) not available. Falling back to R Markdown v1.
    Loading required package: ubiquity
    Loading required package: deSolve
    Loading required package: ggplot2
    Loading required package: foreach
    Loading required package: doParallel
    Loading required package: iterators
    Loading required package: parallel
    Loading required package: rhandsontable
    PhantomJS not found. You can install it with webshot::install_phantomjs(). If it is installed, please make sure the phantomjs executable can be found via the PATH variable.
    PhantomJS not found. You can install it with webshot::install_phantomjs(). If it is installed, please make sure the phantomjs executable can be found via the PATH variable.
    Quitting from lines 95-97 (Simulation.Rmd)
    Error: processing vignette 'Simulation.Rmd' failed with diagnostics:
    invalid 'path' argument
    --- failed re-building ‘Simulation.Rmd’
    
    --- re-building ‘Titration.Rmd’ using rmarkdown
    Warning in engine$weave(file, quiet = quiet, encoding = enc) :
     Pandoc (>= 1.12.3) not available. Falling back to R Markdown v1.
    PhantomJS not found. You can install it with webshot::install_phantomjs(). If it is installed, please make sure the phantomjs executable can be found via the PATH variable.
    PhantomJS not found. You can install it with webshot::install_phantomjs(). If it is installed, please make sure the phantomjs executable can be found via the PATH variable.
    Quitting from lines 278-279 (Titration.Rmd)
    Error: processing vignette 'Titration.Rmd' failed with diagnostics:
    invalid 'path' argument
    --- failed re-building ‘Titration.Rmd’
    
    SUMMARY: processing the following files failed:
     ‘NCA.Rmd’ ‘Simulation.Rmd’ ‘Titration.Rmd’
    
    Error: Vignette re-building failed.
    Execution halted
Flavor: r-patched-solaris-x86

Version: 1.0.5
Check: re-building of vignette outputs
Result: WARN
    Error(s) in re-building vignettes:
    --- re-building ‘Deployment.Rmd’ using rmarkdown
    Warning in engine$weave(file, quiet = quiet, encoding = enc) :
     Pandoc (>= 1.12.3) not available. Falling back to R Markdown v1.
    --- finished re-building ‘Deployment.Rmd’
    
    --- re-building ‘Estimation.Rmd’ using rmarkdown
    Warning in engine$weave(file, quiet = quiet, encoding = enc) :
     Pandoc (>= 1.12.3) not available. Falling back to R Markdown v1.
    --- finished re-building ‘Estimation.Rmd’
    
    --- re-building ‘Language.Rmd’ using rmarkdown
    Warning in engine$weave(file, quiet = quiet, encoding = enc) :
     Pandoc (>= 1.12.3) not available. Falling back to R Markdown v1.
    --- finished re-building ‘Language.Rmd’
    
    --- re-building ‘NCA.Rmd’ using rmarkdown
    Warning in engine$weave(file, quiet = quiet, encoding = enc) :
     Pandoc (>= 1.12.3) not available. Falling back to R Markdown v1.
    PhantomJS not found. You can install it with webshot::install_phantomjs(). If it is installed, please make sure the phantomjs executable can be found via the PATH variable.
    PhantomJS not found. You can install it with webshot::install_phantomjs(). If it is installed, please make sure the phantomjs executable can be found via the PATH variable.
    Quitting from lines 195-196 (NCA.Rmd)
    Error: processing vignette 'NCA.Rmd' failed with diagnostics:
    invalid 'path' argument
    --- failed re-building ‘NCA.Rmd’
    
    --- re-building ‘Reporting.Rmd’ using rmarkdown
    Warning in engine$weave(file, quiet = quiet, encoding = enc) :
     Pandoc (>= 1.12.3) not available. Falling back to R Markdown v1.
    --- finished re-building ‘Reporting.Rmd’
    
    --- re-building ‘Simulation.Rmd’ using rmarkdown
    Warning in engine$weave(file, quiet = quiet, encoding = enc) :
     Pandoc (>= 1.12.3) not available. Falling back to R Markdown v1.
    Loading required package: ubiquity
    Loading required package: deSolve
    Loading required package: ggplot2
    Loading required package: foreach
    Loading required package: doParallel
    Loading required package: iterators
    Loading required package: parallel
    Loading required package: rhandsontable
    PhantomJS not found. You can install it with webshot::install_phantomjs(). If it is installed, please make sure the phantomjs executable can be found via the PATH variable.
    PhantomJS not found. You can install it with webshot::install_phantomjs(). If it is installed, please make sure the phantomjs executable can be found via the PATH variable.
    Quitting from lines 95-97 (Simulation.Rmd)
    Error: processing vignette 'Simulation.Rmd' failed with diagnostics:
    invalid 'path' argument
    --- failed re-building ‘Simulation.Rmd’
    
    --- re-building ‘Titration.Rmd’ using rmarkdown
    Warning in engine$weave(file, quiet = quiet, encoding = enc) :
     Pandoc (>= 1.12.3) not available. Falling back to R Markdown v1.
    PhantomJS not found. You can install it with webshot::install_phantomjs(). If it is installed, please make sure the phantomjs executable can be found via the PATH variable.
    PhantomJS not found. You can install it with webshot::install_phantomjs(). If it is installed, please make sure the phantomjs executable can be found via the PATH variable.
    Quitting from lines 278-279 (Titration.Rmd)
    Error: processing vignette 'Titration.Rmd' failed with diagnostics:
    invalid 'path' argument
    --- failed re-building ‘Titration.Rmd’
    
    SUMMARY: processing the following files failed:
     ‘NCA.Rmd’ ‘Simulation.Rmd’ ‘Titration.Rmd’
    
    Error: Vignette re-building failed.
    Execution halted
Flavors: r-release-macos-arm64, r-release-macos-x86_64, r-oldrel-macos-x86_64