Last updated on 2021-07-01 01:49:30 CEST.
Flavor | Version | Tinstall | Tcheck | Ttotal | Status | Flags |
---|---|---|---|---|---|---|
r-devel-linux-x86_64-debian-clang | 0.8.6 | 152.46 | 403.69 | 556.15 | OK | |
r-devel-linux-x86_64-debian-gcc | 0.8.6 | 138.11 | 324.97 | 463.08 | OK | |
r-devel-linux-x86_64-fedora-clang | 0.8.6 | 684.04 | NOTE | |||
r-devel-linux-x86_64-fedora-gcc | 0.8.6 | 748.90 | OK | |||
r-devel-windows-x86_64 | 0.8.6 | 134.00 | 507.00 | 641.00 | NOTE | |
r-devel-windows-x86_64-gcc10-UCRT | 0.8.6 | OK | ||||
r-patched-linux-x86_64 | 0.8.6 | 154.21 | 421.99 | 576.20 | OK | |
r-patched-solaris-x86 | 0.8.6 | 809.20 | NOTE | |||
r-release-linux-x86_64 | 0.8.6 | 148.28 | 418.82 | 567.10 | OK | |
r-release-macos-arm64 | 0.8.6 | NOTE | ||||
r-release-macos-x86_64 | 0.8.6 | NOTE | ||||
r-release-windows-ix86+x86_64 | 0.8.6 | 238.00 | 568.00 | 806.00 | NOTE | |
r-oldrel-macos-x86_64 | 0.8.6 | NOTE | ||||
r-oldrel-windows-ix86+x86_64 | 0.8.6 | 312.00 | 623.00 | 935.00 | NOTE |
Version: 0.8.6
Check: installed package size
Result: NOTE
installed size is 24.0Mb
sub-directories of 1Mb or more:
doc 1.4Mb
dummydata 1.4Mb
libs 19.4Mb
Flavors: r-devel-linux-x86_64-fedora-clang, r-devel-windows-x86_64, r-patched-solaris-x86, r-release-macos-arm64, r-release-macos-x86_64, r-release-windows-ix86+x86_64, r-oldrel-macos-x86_64, r-oldrel-windows-ix86+x86_64