Last updated on 2021-07-01 01:49:30 CEST.
Flavor | Version | Tinstall | Tcheck | Ttotal | Status | Flags |
---|---|---|---|---|---|---|
r-devel-linux-x86_64-debian-clang | 1.1.0 | 2.54 | 26.62 | 29.16 | OK | |
r-devel-linux-x86_64-debian-gcc | 1.1.0 | 2.27 | 20.38 | 22.65 | OK | |
r-devel-linux-x86_64-fedora-clang | 1.1.0 | 44.60 | NOTE | |||
r-devel-linux-x86_64-fedora-gcc | 1.1.0 | 34.09 | OK | |||
r-devel-windows-x86_64 | 1.1.0 | 3.00 | 42.00 | 45.00 | OK | |
r-devel-windows-x86_64-gcc10-UCRT | 1.1.0 | OK | ||||
r-patched-linux-x86_64 | 1.1.0 | 2.79 | 25.45 | 28.24 | OK | |
r-patched-solaris-x86 | 1.1.0 | 51.40 | OK | |||
r-release-linux-x86_64 | 1.1.0 | 2.96 | 25.36 | 28.32 | OK | |
r-release-macos-arm64 | 1.1.0 | OK | ||||
r-release-macos-x86_64 | 1.1.0 | OK | ||||
r-release-windows-ix86+x86_64 | 1.1.0 | 6.00 | 38.00 | 44.00 | OK | |
r-oldrel-macos-x86_64 | 1.1.0 | OK | ||||
r-oldrel-windows-ix86+x86_64 | 1.1.0 | 7.00 | 34.00 | 41.00 | OK |
Version: 1.1.0
Check: Rd cross-references
Result: NOTE
Undeclared package ‘mirt’ in Rd xrefs
Flavor: r-devel-linux-x86_64-fedora-clang