CRAN Package Check Results for Package univariateML

Last updated on 2021-07-01 01:49:30 CEST.

Flavor Version Tinstall Tcheck Ttotal Status Flags
r-devel-linux-x86_64-debian-clang 1.1.0 5.60 113.13 118.73 OK
r-devel-linux-x86_64-debian-gcc 1.1.0 3.98 77.22 81.20 OK
r-devel-linux-x86_64-fedora-clang 1.1.0 146.07 NOTE
r-devel-linux-x86_64-fedora-gcc 1.1.0 138.38 NOTE
r-devel-windows-x86_64 1.1.0 6.00 149.00 155.00 OK
r-devel-windows-x86_64-gcc10-UCRT 1.1.0 NOTE
r-patched-linux-x86_64 1.1.0 9.46 105.27 114.73 OK
r-patched-solaris-x86 1.1.0 210.70 NOTE
r-release-linux-x86_64 1.1.0 4.12 105.78 109.90 OK
r-release-macos-arm64 1.1.0 NOTE
r-release-macos-x86_64 1.1.0 NOTE
r-release-windows-ix86+x86_64 1.1.0 36.00 137.00 173.00 OK
r-oldrel-macos-x86_64 1.1.0 NOTE
r-oldrel-windows-ix86+x86_64 1.1.0 10.00 154.00 164.00 OK

Check Details

Version: 1.1.0
Check: dependencies in R code
Result: NOTE
    Namespaces in Imports field not imported from:
     ‘extraDistr’ ‘logitnorm’ ‘nakagami’ ‘tibble’
     All declared Imports should be used.
Flavors: r-devel-linux-x86_64-fedora-clang, r-devel-linux-x86_64-fedora-gcc, r-devel-windows-x86_64-gcc10-UCRT, r-patched-solaris-x86, r-release-macos-arm64, r-release-macos-x86_64, r-oldrel-macos-x86_64