Last updated on 2021-07-01 01:49:30 CEST.
Flavor | Version | Tinstall | Tcheck | Ttotal | Status | Flags |
---|---|---|---|---|---|---|
r-devel-linux-x86_64-debian-clang | 0.3.0 | 6.48 | 39.95 | 46.43 | OK | |
r-devel-linux-x86_64-debian-gcc | 0.3.0 | 5.52 | 31.16 | 36.68 | OK | |
r-devel-linux-x86_64-fedora-clang | 0.3.0 | 65.49 | NOTE | |||
r-devel-linux-x86_64-fedora-gcc | 0.3.0 | 56.34 | NOTE | |||
r-devel-windows-x86_64 | 0.3.0 | 9.00 | 62.00 | 71.00 | OK | |
r-devel-windows-x86_64-gcc10-UCRT | 0.3.0 | NOTE | ||||
r-patched-linux-x86_64 | 0.3.0 | 5.77 | 38.86 | 44.63 | OK | |
r-patched-solaris-x86 | 0.3.0 | 90.30 | NOTE | |||
r-release-linux-x86_64 | 0.3.0 | 6.17 | 39.00 | 45.17 | OK | |
r-release-macos-arm64 | 0.3.0 | NOTE | ||||
r-release-macos-x86_64 | 0.3.0 | NOTE | ||||
r-release-windows-ix86+x86_64 | 0.3.0 | 11.00 | 55.00 | 66.00 | OK | |
r-oldrel-macos-x86_64 | 0.3.0 | NOTE | ||||
r-oldrel-windows-ix86+x86_64 | 0.3.0 | 13.00 | 48.00 | 61.00 | OK |
Version: 0.3.0
Check: data for non-ASCII characters
Result: NOTE
Note: found 7872 marked UTF-8 strings
Flavors: r-devel-linux-x86_64-fedora-clang, r-devel-linux-x86_64-fedora-gcc, r-devel-windows-x86_64-gcc10-UCRT, r-patched-solaris-x86, r-release-macos-arm64, r-release-macos-x86_64, r-oldrel-macos-x86_64