Last updated on 2021-07-01 01:49:30 CEST.
Flavor | Version | Tinstall | Tcheck | Ttotal | Status | Flags |
---|---|---|---|---|---|---|
r-devel-linux-x86_64-debian-clang | 1.0.1 | 2.13 | 22.18 | 24.31 | OK | |
r-devel-linux-x86_64-debian-gcc | 1.0.1 | 1.56 | 17.80 | 19.36 | OK | |
r-devel-linux-x86_64-fedora-clang | 1.0.1 | 38.32 | NOTE | |||
r-devel-linux-x86_64-fedora-gcc | 1.0.1 | 28.09 | NOTE | |||
r-devel-windows-x86_64 | 1.0.1 | 15.00 | 39.00 | 54.00 | OK | |
r-devel-windows-x86_64-gcc10-UCRT | 1.0.1 | NOTE | ||||
r-patched-linux-x86_64 | 1.0.1 | 2.15 | 21.80 | 23.95 | OK | |
r-patched-solaris-x86 | 1.0.1 | 46.20 | NOTE | |||
r-release-linux-x86_64 | 1.0.1 | 1.84 | 21.89 | 23.73 | OK | |
r-release-macos-arm64 | 1.0.1 | NOTE | ||||
r-release-macos-x86_64 | 1.0.1 | NOTE | ||||
r-release-windows-ix86+x86_64 | 1.0.1 | 5.00 | 35.00 | 40.00 | OK | |
r-oldrel-macos-x86_64 | 1.0.1 | NOTE | ||||
r-oldrel-windows-ix86+x86_64 | 1.0.1 | 5.00 | 40.00 | 45.00 | OK |
Version: 1.0.1
Check: data for non-ASCII characters
Result: NOTE
Note: found 2 marked UTF-8 strings
Flavors: r-devel-linux-x86_64-fedora-clang, r-devel-linux-x86_64-fedora-gcc, r-devel-windows-x86_64-gcc10-UCRT, r-patched-solaris-x86, r-release-macos-arm64, r-release-macos-x86_64, r-oldrel-macos-x86_64