CRAN Package Check Results for Package variosig

Last updated on 2021-07-01 01:49:30 CEST.

Flavor Version Tinstall Tcheck Ttotal Status Flags
r-devel-linux-x86_64-debian-clang 0.3-1 5.51 48.37 53.88 NOTE
r-devel-linux-x86_64-debian-gcc 0.3-1 4.43 37.82 42.25 NOTE
r-devel-linux-x86_64-fedora-clang 0.3-1 74.62 NOTE
r-devel-linux-x86_64-fedora-gcc 0.3-1 63.14 NOTE
r-devel-windows-x86_64 0.3-1 17.00 71.00 88.00 NOTE
r-devel-windows-x86_64-gcc10-UCRT 0.3-1 NOTE
r-patched-linux-x86_64 0.3-1 4.90 46.71 51.61 NOTE
r-patched-solaris-x86 0.3-1 97.70 NOTE
r-release-linux-x86_64 0.3-1 4.07 47.24 51.31 NOTE
r-release-macos-arm64 0.3-1 NOTE
r-release-macos-x86_64 0.3-1 NOTE
r-release-windows-ix86+x86_64 0.3-1 14.00 62.00 76.00 NOTE
r-oldrel-macos-x86_64 0.3-1 OK
r-oldrel-windows-ix86+x86_64 0.3-1 13.00 70.00 83.00 OK

Check Details

Version: 0.3-1
Check: LazyData
Result: NOTE
     'LazyData' is specified without a 'data' directory
Flavors: r-devel-linux-x86_64-debian-clang, r-devel-linux-x86_64-debian-gcc, r-devel-linux-x86_64-fedora-clang, r-devel-linux-x86_64-fedora-gcc, r-devel-windows-x86_64, r-devel-windows-x86_64-gcc10-UCRT, r-patched-linux-x86_64, r-patched-solaris-x86, r-release-linux-x86_64, r-release-macos-arm64, r-release-macos-x86_64, r-release-windows-ix86+x86_64