Last updated on 2021-07-01 01:49:30 CEST.
Flavor | Version | Tinstall | Tcheck | Ttotal | Status | Flags |
---|---|---|---|---|---|---|
r-devel-linux-x86_64-debian-clang | 1.2.1 | 12.74 | 190.17 | 202.91 | OK | |
r-devel-linux-x86_64-debian-gcc | 1.2.1 | 11.23 | 143.52 | 154.75 | OK | |
r-devel-linux-x86_64-fedora-clang | 1.2.1 | 249.92 | NOTE | |||
r-devel-linux-x86_64-fedora-gcc | 1.2.1 | 234.65 | NOTE | |||
r-devel-windows-x86_64 | 1.2.1 | 14.00 | 238.00 | 252.00 | OK | |
r-devel-windows-x86_64-gcc10-UCRT | 1.2.1 | OK | ||||
r-patched-linux-x86_64 | 1.2.1 | 18.18 | 180.40 | 198.58 | OK | |
r-patched-solaris-x86 | 1.2.1 | 340.50 | OK | |||
r-release-linux-x86_64 | 1.2.1 | 12.13 | 181.83 | 193.96 | OK | |
r-release-macos-arm64 | 1.2.1 | OK | ||||
r-release-macos-x86_64 | 1.2.1 | OK | ||||
r-release-windows-ix86+x86_64 | 1.2.1 | 31.00 | 243.00 | 274.00 | OK | |
r-oldrel-macos-x86_64 | 1.2.1 | OK | ||||
r-oldrel-windows-ix86+x86_64 | 1.2.1 | 33.00 | 230.00 | 263.00 | OK |
Version: 1.2.1
Check: compiled code
Result: NOTE
File ‘vdg/libs/vdg.so’:
Found no calls to: ‘R_registerRoutines’, ‘R_useDynamicSymbols’
It is good practice to register native routines and to disable symbol
search.
See ‘Writing portable packages’ in the ‘Writing R Extensions’ manual.
Flavors: r-devel-linux-x86_64-fedora-clang, r-devel-linux-x86_64-fedora-gcc