Last updated on 2021-07-01 01:49:30 CEST.
Flavor | Version | Tinstall | Tcheck | Ttotal | Status | Flags |
---|---|---|---|---|---|---|
r-devel-linux-x86_64-debian-clang | 0.6.1 | 5.62 | 52.60 | 58.22 | OK | |
r-devel-linux-x86_64-debian-gcc | 0.6.1 | 4.61 | 40.76 | 45.37 | OK | |
r-devel-linux-x86_64-fedora-clang | 0.6.1 | 77.02 | OK | |||
r-devel-linux-x86_64-fedora-gcc | 0.6.1 | 69.12 | OK | |||
r-devel-windows-x86_64 | 0.6.1 | 10.00 | 77.00 | 87.00 | ERROR | |
r-devel-windows-x86_64-gcc10-UCRT | 0.6.1 | OK | ||||
r-patched-linux-x86_64 | 0.6.1 | 5.59 | 50.15 | 55.74 | OK | |
r-patched-solaris-x86 | 0.6.1 | 92.60 | WARN | |||
r-release-linux-x86_64 | 0.6.1 | 5.56 | 50.49 | 56.05 | OK | |
r-release-macos-arm64 | 0.6.1 | WARN | ||||
r-release-macos-x86_64 | 0.6.1 | WARN | ||||
r-release-windows-ix86+x86_64 | 0.6.1 | 23.00 | 67.00 | 90.00 | ERROR | |
r-oldrel-macos-x86_64 | 0.6.1 | WARN | ||||
r-oldrel-windows-ix86+x86_64 | 0.6.1 | 11.00 | 75.00 | 86.00 | ERROR |
Version: 0.6.1
Check: examples
Result: ERROR
Running examples in 'vegalite-Ex.R' failed
The error most likely occurred in:
> ### Name: from_spec
> ### Title: Take a JSON Vega-Lite Spec and render as an htmlwidget
> ### Aliases: from_spec
>
> ### ** Examples
>
> from_spec("http://rud.is/dl/embedded.json")
Warning in file(con, "r") :
URL 'https://rud.is/dl/embedded.json': status was 'SSL connect error'
Error in file(con, "r") :
cannot open the connection to 'http://rud.is/dl/embedded.json'
Calls: from_spec -> readLines -> file
Execution halted
Flavor: r-devel-windows-x86_64
Version: 0.6.1
Check: re-building of vignette outputs
Result: WARN
Error(s) in re-building vignettes:
...
--- re-building ‘intro_to_vegalite.Rmd’ using rmarkdown
Warning in engine$weave(file, quiet = quiet, encoding = enc) :
Pandoc (>= 1.12.3) not available. Falling back to R Markdown v1.
Quitting from lines 24-36 (intro_to_vegalite.Rmd)
Error: processing vignette 'intro_to_vegalite.Rmd' failed with diagnostics:
invalid 'path' argument
--- failed re-building ‘intro_to_vegalite.Rmd’
SUMMARY: processing the following file failed:
‘intro_to_vegalite.Rmd’
Error: Vignette re-building failed.
Execution halted
Flavors: r-patched-solaris-x86, r-release-macos-arm64, r-release-macos-x86_64
Version: 0.6.1
Check: examples
Result: ERROR
Running examples in 'vegalite-Ex.R' failed
The error most likely occurred in:
> ### Name: from_spec
> ### Title: Take a JSON Vega-Lite Spec and render as an htmlwidget
> ### Aliases: from_spec
>
> ### ** Examples
>
> from_spec("http://rud.is/dl/embedded.json")
Warning in file(con, "r") :
InternetOpenUrl failed: 'Die Serververbindung wurde zurückgesetzt.'
Error in file(con, "r") : cannot open the connection
Calls: from_spec -> readLines -> file
Execution halted
Flavors: r-release-windows-ix86+x86_64, r-oldrel-windows-ix86+x86_64
Version: 0.6.1
Check: re-building of vignette outputs
Result: WARN
Error(s) in re-building vignettes:
...
--- re-building ‘intro_to_vegalite.Rmd’ using rmarkdown
Warning in engine$weave(file, quiet = quiet, encoding = enc) :
Pandoc (>= 1.12.3) and/or pandoc-citeproc not available. Falling back to R Markdown v1.
Quitting from lines 24-36 (intro_to_vegalite.Rmd)
Error: processing vignette 'intro_to_vegalite.Rmd' failed with diagnostics:
cannot open the connection
--- failed re-building ‘intro_to_vegalite.Rmd’
SUMMARY: processing the following file failed:
‘intro_to_vegalite.Rmd’
Error: Vignette re-building failed.
Execution halted
Flavor: r-oldrel-macos-x86_64