CRAN Package Check Results for Package vegawidget

Last updated on 2021-07-01 01:49:30 CEST.

Flavor Version Tinstall Tcheck Ttotal Status Flags
r-devel-linux-x86_64-debian-clang 0.3.2 4.80 43.21 48.01 OK
r-devel-linux-x86_64-debian-gcc 0.3.2 3.24 33.46 36.70 OK
r-devel-linux-x86_64-fedora-clang 0.3.2 63.90 NOTE
r-devel-linux-x86_64-fedora-gcc 0.3.2 53.72 OK
r-devel-windows-x86_64 0.3.2 6.00 62.00 68.00 OK
r-devel-windows-x86_64-gcc10-UCRT 0.3.2 OK
r-patched-linux-x86_64 0.3.2 4.95 41.06 46.01 OK
r-patched-solaris-x86 0.3.2 83.40 NOTE
r-release-linux-x86_64 0.3.2 4.31 41.21 45.52 OK
r-release-macos-arm64 0.3.2 OK
r-release-macos-x86_64 0.3.2 OK
r-release-windows-ix86+x86_64 0.3.2 6.00 57.00 63.00 OK
r-oldrel-macos-x86_64 0.3.2 OK
r-oldrel-windows-ix86+x86_64 0.3.2 8.00 62.00 70.00 OK

Check Details

Version: 0.3.2
Check: Rd cross-references
Result: NOTE
    Undeclared package ‘vctrs’ in Rd xrefs
Flavor: r-devel-linux-x86_64-fedora-clang

Version: 0.3.2
Check: package dependencies
Result: NOTE
    Package suggested but not available for checking: ‘rsvg’
Flavor: r-patched-solaris-x86