CRAN Package Check Results for Package vegtable

Last updated on 2021-07-01 01:49:30 CEST.

Flavor Version Tinstall Tcheck Ttotal Status Flags
r-devel-linux-x86_64-debian-clang 0.1.6 28.40 188.42 216.82 OK
r-devel-linux-x86_64-debian-gcc 0.1.6 18.12 142.82 160.94 OK
r-devel-linux-x86_64-fedora-clang 0.1.6 236.79 NOTE
r-devel-linux-x86_64-fedora-gcc 0.1.6 226.90 NOTE
r-devel-windows-x86_64 0.1.6 56.00 223.00 279.00 OK
r-devel-windows-x86_64-gcc10-UCRT 0.1.6 NOTE
r-patched-linux-x86_64 0.1.6 24.25 178.62 202.87 OK
r-patched-solaris-x86 0.1.6 386.20 NOTE
r-release-linux-x86_64 0.1.6 20.21 180.24 200.45 OK
r-release-macos-arm64 0.1.6 ERROR
r-release-macos-x86_64 0.1.6 NOTE
r-release-windows-ix86+x86_64 0.1.6 60.00 202.00 262.00 OK
r-oldrel-macos-x86_64 0.1.6 NOTE
r-oldrel-windows-ix86+x86_64 0.1.6 66.00 220.00 286.00 OK

Check Details

Version: 0.1.6
Check: Rd cross-references
Result: NOTE
    Undeclared package ‘stringdist’ in Rd xrefs
Flavor: r-devel-linux-x86_64-fedora-clang

Version: 0.1.6
Check: data for non-ASCII characters
Result: NOTE
     Note: found 128 marked UTF-8 strings
Flavors: r-devel-linux-x86_64-fedora-clang, r-devel-linux-x86_64-fedora-gcc, r-devel-windows-x86_64-gcc10-UCRT, r-patched-solaris-x86, r-release-macos-x86_64, r-oldrel-macos-x86_64

Version: 0.1.6
Check: package dependencies
Result: ERROR
    Package required but not available: ‘plotKML’
    
    See section ‘The DESCRIPTION file’ in the ‘Writing R Extensions’
    manual.
Flavor: r-release-macos-arm64