Last updated on 2021-07-01 01:49:30 CEST.
Flavor | Version | Tinstall | Tcheck | Ttotal | Status | Flags |
---|---|---|---|---|---|---|
r-devel-linux-x86_64-debian-clang | 0.2.0 | 5.04 | 51.74 | 56.78 | NOTE | |
r-devel-linux-x86_64-debian-gcc | 0.2.0 | 3.44 | 41.17 | 44.61 | NOTE | |
r-devel-linux-x86_64-fedora-clang | 0.2.0 | 77.02 | NOTE | |||
r-devel-linux-x86_64-fedora-gcc | 0.2.0 | 67.69 | NOTE | |||
r-devel-windows-x86_64 | 0.2.0 | 8.00 | 77.00 | 85.00 | NOTE | |
r-devel-windows-x86_64-gcc10-UCRT | 0.2.0 | NOTE | ||||
r-patched-linux-x86_64 | 0.2.0 | 4.27 | 49.65 | 53.92 | NOTE | |
r-patched-solaris-x86 | 0.2.0 | 142.30 | NOTE | |||
r-release-linux-x86_64 | 0.2.0 | 4.26 | 48.94 | 53.20 | NOTE | |
r-release-macos-arm64 | 0.2.0 | NOTE | ||||
r-release-macos-x86_64 | 0.2.0 | NOTE | ||||
r-release-windows-ix86+x86_64 | 0.2.0 | 16.00 | 110.00 | 126.00 | NOTE | |
r-oldrel-macos-x86_64 | 0.2.0 | OK | ||||
r-oldrel-windows-ix86+x86_64 | 0.2.0 | 18.00 | 123.00 | 141.00 | OK |
Version: 0.2.0
Check: LazyData
Result: NOTE
'LazyData' is specified without a 'data' directory
Flavors: r-devel-linux-x86_64-debian-clang, r-devel-linux-x86_64-debian-gcc, r-devel-linux-x86_64-fedora-clang, r-devel-linux-x86_64-fedora-gcc, r-devel-windows-x86_64, r-devel-windows-x86_64-gcc10-UCRT, r-patched-linux-x86_64, r-patched-solaris-x86, r-release-linux-x86_64, r-release-macos-arm64, r-release-macos-x86_64, r-release-windows-ix86+x86_64