Last updated on 2021-07-01 01:49:30 CEST.
Flavor | Version | Tinstall | Tcheck | Ttotal | Status | Flags |
---|---|---|---|---|---|---|
r-devel-linux-x86_64-debian-clang | 1.0.0 | 44.72 | 50.15 | 94.87 | OK | |
r-devel-linux-x86_64-debian-gcc | 1.0.0 | 28.50 | 53.50 | 82.00 | OK | |
r-devel-linux-x86_64-fedora-clang | 1.0.0 | 130.67 | NOTE | |||
r-devel-linux-x86_64-fedora-gcc | 1.0.0 | 128.07 | NOTE | |||
r-devel-windows-x86_64 | 1.0.0 | 48.00 | 87.00 | 135.00 | OK | |
r-devel-windows-x86_64-gcc10-UCRT | 1.0.0 | NOTE | ||||
r-patched-linux-x86_64 | 1.0.0 | 35.52 | 63.34 | 98.86 | OK | |
r-patched-solaris-x86 | 1.0.0 | 140.40 | NOTE | |||
r-release-linux-x86_64 | 1.0.0 | 35.06 | 63.72 | 98.78 | OK | |
r-release-macos-arm64 | 1.0.0 | NOTE | ||||
r-release-macos-x86_64 | 1.0.0 | NOTE | ||||
r-release-windows-ix86+x86_64 | 1.0.0 | 81.00 | 114.00 | 195.00 | OK | |
r-oldrel-macos-x86_64 | 1.0.0 | NOTE | ||||
r-oldrel-windows-ix86+x86_64 | 1.0.0 | 108.00 | 122.00 | 230.00 | OK |
Version: 1.0.0
Check: dependencies in R code
Result: NOTE
Namespace in Imports field not imported from: ‘methods’
All declared Imports should be used.
Flavors: r-devel-linux-x86_64-fedora-clang, r-devel-linux-x86_64-fedora-gcc, r-devel-windows-x86_64-gcc10-UCRT, r-patched-solaris-x86, r-release-macos-arm64, r-release-macos-x86_64, r-oldrel-macos-x86_64