Last updated on 2021-07-01 01:49:30 CEST.
Flavor | Version | Tinstall | Tcheck | Ttotal | Status | Flags |
---|---|---|---|---|---|---|
r-devel-linux-x86_64-debian-clang | 1.1.1 | 8.01 | 67.72 | 75.73 | OK | |
r-devel-linux-x86_64-debian-gcc | 1.1.1 | 5.27 | 49.16 | 54.43 | OK | |
r-devel-linux-x86_64-fedora-clang | 1.1.1 | 98.09 | OK | |||
r-devel-linux-x86_64-fedora-gcc | 1.1.1 | 85.27 | OK | |||
r-devel-windows-x86_64 | 1.1.1 | 13.00 | 91.00 | 104.00 | OK | |
r-devel-windows-x86_64-gcc10-UCRT | 1.1.1 | OK | ||||
r-patched-linux-x86_64 | 1.1.1 | 9.18 | 63.07 | 72.25 | OK | |
r-patched-solaris-x86 | 1.1.1 | 115.00 | NOTE | |||
r-release-linux-x86_64 | 1.1.1 | 6.29 | 62.92 | 69.21 | OK | |
r-release-macos-arm64 | 1.1.1 | OK | ||||
r-release-macos-x86_64 | 1.1.1 | OK | ||||
r-release-windows-ix86+x86_64 | 1.1.1 | 25.00 | 83.00 | 108.00 | OK | |
r-oldrel-macos-x86_64 | 1.1.1 | OK | ||||
r-oldrel-windows-ix86+x86_64 | 1.1.1 | 17.00 | 71.00 | 88.00 | OK |
Version: 1.1.1
Check: package dependencies
Result: NOTE
Package suggested but not available for checking: ‘rcdk’
Flavor: r-patched-solaris-x86