Last updated on 2021-07-01 01:49:30 CEST.
Flavor | Version | Tinstall | Tcheck | Ttotal | Status | Flags |
---|---|---|---|---|---|---|
r-devel-linux-x86_64-debian-clang | 1.0.6 | 6.86 | 32.01 | 38.87 | NOTE | |
r-devel-linux-x86_64-debian-gcc | 1.0.6 | 4.87 | 25.43 | 30.30 | NOTE | |
r-devel-linux-x86_64-fedora-clang | 1.0.6 | 54.22 | NOTE | |||
r-devel-linux-x86_64-fedora-gcc | 1.0.6 | 44.44 | NOTE | |||
r-devel-windows-x86_64 | 1.0.6 | 8.00 | 57.00 | 65.00 | NOTE | |
r-devel-windows-x86_64-gcc10-UCRT | 1.0.6 | NOTE | ||||
r-patched-linux-x86_64 | 1.0.6 | 6.15 | 31.39 | 37.54 | NOTE | |
r-patched-solaris-x86 | 1.0.6 | 66.90 | NOTE | |||
r-release-linux-x86_64 | 1.0.6 | 6.37 | 31.22 | 37.59 | NOTE | |
r-release-macos-arm64 | 1.0.6 | NOTE | ||||
r-release-macos-x86_64 | 1.0.6 | NOTE | ||||
r-release-windows-ix86+x86_64 | 1.0.6 | 33.00 | 47.00 | 80.00 | NOTE | |
r-oldrel-macos-x86_64 | 1.0.6 | OK | ||||
r-oldrel-windows-ix86+x86_64 | 1.0.6 | 11.00 | 47.00 | 58.00 | OK |
Version: 1.0.6
Check: LazyData
Result: NOTE
'LazyData' is specified without a 'data' directory
Flavors: r-devel-linux-x86_64-debian-clang, r-devel-linux-x86_64-debian-gcc, r-devel-linux-x86_64-fedora-clang, r-devel-linux-x86_64-fedora-gcc, r-devel-windows-x86_64, r-devel-windows-x86_64-gcc10-UCRT, r-patched-linux-x86_64, r-patched-solaris-x86, r-release-linux-x86_64, r-release-macos-arm64, r-release-macos-x86_64, r-release-windows-ix86+x86_64