Last updated on 2021-07-01 01:49:30 CEST.
Flavor | Version | Tinstall | Tcheck | Ttotal | Status | Flags |
---|---|---|---|---|---|---|
r-devel-linux-x86_64-debian-clang | 2.4.2 | 10.31 | 97.88 | 108.19 | OK | |
r-devel-linux-x86_64-debian-gcc | 2.4.2 | 8.76 | 71.96 | 80.72 | OK | |
r-devel-linux-x86_64-fedora-clang | 2.4.2 | 123.13 | NOTE | |||
r-devel-linux-x86_64-fedora-gcc | 2.4.2 | 109.86 | OK | |||
r-devel-windows-x86_64 | 2.4.2 | 22.00 | 116.00 | 138.00 | OK | |
r-devel-windows-x86_64-gcc10-UCRT | 2.4.2 | OK | ||||
r-patched-linux-x86_64 | 2.4.2 | 10.11 | 90.71 | 100.82 | OK | |
r-patched-solaris-x86 | 2.4.2 | 166.30 | OK | |||
r-release-linux-x86_64 | 2.4.2 | 9.86 | 91.04 | 100.90 | OK | |
r-release-macos-arm64 | 2.4.2 | ERROR | ||||
r-release-macos-x86_64 | 2.4.2 | OK | ||||
r-release-windows-ix86+x86_64 | 2.4.2 | 23.00 | 108.00 | 131.00 | OK | |
r-oldrel-macos-x86_64 | 2.4.2 | OK | ||||
r-oldrel-windows-ix86+x86_64 | 2.4.2 | 19.00 | 94.00 | 113.00 | OK |
Version: 2.4.2
Check: package dependencies
Result: NOTE
Imports includes 31 non-default packages.
Importing from so many packages makes the package vulnerable to any of
them becoming unavailable. Move as many as possible to Suggests and
use conditionally.
Flavor: r-devel-linux-x86_64-fedora-clang
Version: 2.4.2
Check: package dependencies
Result: ERROR
Packages required but not available: 'ComplexHeatmap', 'DESeq2'
See section ‘The DESCRIPTION file’ in the ‘Writing R Extensions’
manual.
Flavor: r-release-macos-arm64