Last updated on 2021-07-01 01:49:30 CEST.
Flavor | Version | Tinstall | Tcheck | Ttotal | Status | Flags |
---|---|---|---|---|---|---|
r-devel-linux-x86_64-debian-clang | 0.2.1 | 2.81 | 29.21 | 32.02 | OK | |
r-devel-linux-x86_64-debian-gcc | 0.2.1 | 2.14 | 23.52 | 25.66 | OK | |
r-devel-linux-x86_64-fedora-clang | 0.2.1 | 47.09 | NOTE | |||
r-devel-linux-x86_64-fedora-gcc | 0.2.1 | 37.52 | NOTE | |||
r-devel-windows-x86_64 | 0.2.1 | 4.00 | 47.00 | 51.00 | OK | |
r-devel-windows-x86_64-gcc10-UCRT | 0.2.1 | NOTE | ||||
r-patched-linux-x86_64 | 0.2.1 | 2.60 | 28.01 | 30.61 | OK | |
r-patched-solaris-x86 | 0.2.1 | 56.10 | WARN | |||
r-release-linux-x86_64 | 0.2.1 | 2.62 | 27.91 | 30.53 | OK | |
r-release-macos-arm64 | 0.2.1 | WARN | ||||
r-release-macos-x86_64 | 0.2.1 | WARN | ||||
r-release-windows-ix86+x86_64 | 0.2.1 | 5.00 | 43.00 | 48.00 | OK | |
r-oldrel-macos-x86_64 | 0.2.1 | WARN | ||||
r-oldrel-windows-ix86+x86_64 | 0.2.1 | 5.00 | 45.00 | 50.00 | OK |
Version: 0.2.1
Check: data for non-ASCII characters
Result: NOTE
Note: found 933 marked UTF-8 strings
Flavors: r-devel-linux-x86_64-fedora-clang, r-devel-linux-x86_64-fedora-gcc, r-devel-windows-x86_64-gcc10-UCRT, r-patched-solaris-x86, r-release-macos-arm64, r-release-macos-x86_64, r-oldrel-macos-x86_64
Version: 0.2.1
Check: re-building of vignette outputs
Result: WARN
Error(s) in re-building vignettes:
...
--- re-building ‘wordcloud.Rmd’ using rmarkdown
Warning in engine$weave(file, quiet = quiet, encoding = enc) :
Pandoc (>= 1.12.3) not available. Falling back to R Markdown v1.
Quitting from lines 37-39 (wordcloud.Rmd)
Error: processing vignette 'wordcloud.Rmd' failed with diagnostics:
invalid 'path' argument
--- failed re-building ‘wordcloud.Rmd’
SUMMARY: processing the following file failed:
‘wordcloud.Rmd’
Error: Vignette re-building failed.
Execution halted
Flavors: r-patched-solaris-x86, r-release-macos-arm64, r-release-macos-x86_64
Version: 0.2.1
Check: re-building of vignette outputs
Result: WARN
Error(s) in re-building vignettes:
...
--- re-building ‘wordcloud.Rmd’ using rmarkdown
Warning in engine$weave(file, quiet = quiet, encoding = enc) :
Pandoc (>= 1.12.3) and/or pandoc-citeproc not available. Falling back to R Markdown v1.
Quitting from lines 37-39 (wordcloud.Rmd)
Error: processing vignette 'wordcloud.Rmd' failed with diagnostics:
cannot open the connection
--- failed re-building ‘wordcloud.Rmd’
SUMMARY: processing the following file failed:
‘wordcloud.Rmd’
Error: Vignette re-building failed.
Execution halted
Flavor: r-oldrel-macos-x86_64