CRAN Package Check Results for Package workflowr

Last updated on 2021-07-01 01:49:31 CEST.

Flavor Version Tinstall Tcheck Ttotal Status Flags
r-devel-linux-x86_64-debian-clang 1.6.2 8.60 193.12 201.72 NOTE
r-devel-linux-x86_64-debian-gcc 1.6.2 6.11 141.79 147.90 NOTE
r-devel-linux-x86_64-fedora-clang 1.6.2 239.27 NOTE
r-devel-linux-x86_64-fedora-gcc 1.6.2 229.38 NOTE
r-devel-windows-x86_64 1.6.2 15.00 186.00 201.00 NOTE
r-devel-windows-x86_64-gcc10-UCRT 1.6.2 NOTE
r-patched-linux-x86_64 1.6.2 13.50 179.67 193.17 NOTE
r-patched-solaris-x86 1.6.2 215.40 NOTE
r-release-linux-x86_64 1.6.2 8.03 179.82 187.85 NOTE
r-release-macos-arm64 1.6.2 NOTE
r-release-macos-x86_64 1.6.2 NOTE
r-release-windows-ix86+x86_64 1.6.2 40.00 171.00 211.00 NOTE
r-oldrel-macos-x86_64 1.6.2 OK
r-oldrel-windows-ix86+x86_64 1.6.2 19.00 183.00 202.00 OK

Check Details

Version: 1.6.2
Check: LazyData
Result: NOTE
     'LazyData' is specified without a 'data' directory
Flavors: r-devel-linux-x86_64-debian-clang, r-devel-linux-x86_64-debian-gcc, r-devel-linux-x86_64-fedora-clang, r-devel-linux-x86_64-fedora-gcc, r-devel-windows-x86_64, r-devel-windows-x86_64-gcc10-UCRT, r-patched-linux-x86_64, r-patched-solaris-x86, r-release-linux-x86_64, r-release-macos-arm64, r-release-macos-x86_64, r-release-windows-ix86+x86_64