Last updated on 2021-07-01 01:49:31 CEST.
Flavor | Version | Tinstall | Tcheck | Ttotal | Status | Flags |
---|---|---|---|---|---|---|
r-devel-linux-x86_64-debian-clang | 1.0.2 | 4.32 | 36.35 | 40.67 | NOTE | |
r-devel-linux-x86_64-debian-gcc | 1.0.2 | 3.92 | 27.78 | 31.70 | NOTE | |
r-devel-linux-x86_64-fedora-clang | 1.0.2 | 59.08 | NOTE | |||
r-devel-linux-x86_64-fedora-gcc | 1.0.2 | 48.47 | NOTE | |||
r-devel-windows-x86_64 | 1.0.2 | 7.00 | 51.00 | 58.00 | NOTE | |
r-devel-windows-x86_64-gcc10-UCRT | 1.0.2 | NOTE | ||||
r-patched-linux-x86_64 | 1.0.2 | 8.50 | 35.50 | 44.00 | NOTE | |
r-patched-solaris-x86 | 1.0.2 | 67.30 | NOTE | |||
r-release-linux-x86_64 | 1.0.2 | 3.81 | 35.12 | 38.93 | NOTE | |
r-release-macos-arm64 | 1.0.2 | NOTE | ||||
r-release-macos-x86_64 | 1.0.2 | NOTE | ||||
r-release-windows-ix86+x86_64 | 1.0.2 | 18.00 | 48.00 | 66.00 | NOTE | |
r-oldrel-macos-x86_64 | 1.0.2 | OK | ||||
r-oldrel-windows-ix86+x86_64 | 1.0.2 | 8.00 | 50.00 | 58.00 | OK |
Version: 1.0.2
Check: LazyData
Result: NOTE
'LazyData' is specified without a 'data' directory
Flavors: r-devel-linux-x86_64-debian-clang, r-devel-linux-x86_64-debian-gcc, r-devel-linux-x86_64-fedora-clang, r-devel-linux-x86_64-fedora-gcc, r-devel-windows-x86_64, r-devel-windows-x86_64-gcc10-UCRT, r-patched-linux-x86_64, r-patched-solaris-x86, r-release-linux-x86_64, r-release-macos-arm64, r-release-macos-x86_64, r-release-windows-ix86+x86_64
Version: 1.0.2
Check: package dependencies
Result: NOTE
Package suggested but not available for checking: ‘BiocParallel’
Flavor: r-release-macos-arm64