Last updated on 2021-07-01 01:49:31 CEST.
Flavor | Version | Tinstall | Tcheck | Ttotal | Status | Flags |
---|---|---|---|---|---|---|
r-devel-linux-x86_64-debian-clang | 0.4.0 | 5.63 | 67.91 | 73.54 | NOTE | |
r-devel-linux-x86_64-debian-gcc | 0.4.0 | 5.54 | 50.82 | 56.36 | NOTE | |
r-devel-linux-x86_64-fedora-clang | 0.4.0 | 97.68 | NOTE | |||
r-devel-linux-x86_64-fedora-gcc | 0.4.0 | 85.24 | NOTE | |||
r-devel-windows-x86_64 | 0.4.0 | 19.00 | 82.00 | 101.00 | NOTE | |
r-devel-windows-x86_64-gcc10-UCRT | 0.4.0 | NOTE | ||||
r-patched-linux-x86_64 | 0.4.0 | 5.62 | 62.99 | 68.61 | NOTE | |
r-patched-solaris-x86 | 0.4.0 | 111.20 | NOTE | |||
r-release-linux-x86_64 | 0.4.0 | 5.98 | 63.58 | 69.56 | NOTE | |
r-release-macos-arm64 | 0.4.0 | NOTE | ||||
r-release-macos-x86_64 | 0.4.0 | NOTE | ||||
r-release-windows-ix86+x86_64 | 0.4.0 | 15.00 | 83.00 | 98.00 | NOTE | |
r-oldrel-macos-x86_64 | 0.4.0 | OK | ||||
r-oldrel-windows-ix86+x86_64 | 0.4.0 | 15.00 | 90.00 | 105.00 | OK |
Version: 0.4.0
Check: LazyData
Result: NOTE
'LazyData' is specified without a 'data' directory
Flavors: r-devel-linux-x86_64-debian-clang, r-devel-linux-x86_64-debian-gcc, r-devel-linux-x86_64-fedora-clang, r-devel-linux-x86_64-fedora-gcc, r-devel-windows-x86_64, r-devel-windows-x86_64-gcc10-UCRT, r-patched-linux-x86_64, r-patched-solaris-x86, r-release-linux-x86_64, r-release-macos-arm64, r-release-macos-x86_64, r-release-windows-ix86+x86_64