Last updated on 2021-07-01 01:49:31 CEST.
Flavor | Version | Tinstall | Tcheck | Ttotal | Status | Flags |
---|---|---|---|---|---|---|
r-devel-linux-x86_64-debian-clang | 0.2.2 | 2.79 | 26.54 | 29.33 | NOTE | |
r-devel-linux-x86_64-debian-gcc | 0.2.2 | 2.24 | 20.62 | 22.86 | NOTE | |
r-devel-linux-x86_64-fedora-clang | 0.2.2 | 43.59 | NOTE | |||
r-devel-linux-x86_64-fedora-gcc | 0.2.2 | 33.46 | NOTE | |||
r-devel-windows-x86_64 | 0.2.2 | 14.00 | 40.00 | 54.00 | NOTE | |
r-devel-windows-x86_64-gcc10-UCRT | 0.2.2 | NOTE | ||||
r-patched-linux-x86_64 | 0.2.2 | 2.79 | 25.34 | 28.13 | NOTE | |
r-patched-solaris-x86 | 0.2.2 | 50.70 | NOTE | |||
r-release-linux-x86_64 | 0.2.2 | 2.60 | 25.16 | 27.76 | NOTE | |
r-release-macos-arm64 | 0.2.2 | NOTE | ||||
r-release-macos-x86_64 | 0.2.2 | NOTE | ||||
r-release-windows-ix86+x86_64 | 0.2.2 | 32.00 | 41.00 | 73.00 | NOTE | |
r-oldrel-macos-x86_64 | 0.2.2 | NOTE | ||||
r-oldrel-windows-ix86+x86_64 | 0.2.2 | 7.00 | 34.00 | 41.00 | OK |
Version: 0.2.2
Check: LazyData
Result: NOTE
'LazyData' is specified without a 'data' directory
Flavors: r-devel-linux-x86_64-debian-clang, r-devel-linux-x86_64-debian-gcc, r-devel-linux-x86_64-fedora-clang, r-devel-linux-x86_64-fedora-gcc, r-devel-windows-x86_64, r-devel-windows-x86_64-gcc10-UCRT, r-patched-linux-x86_64, r-patched-solaris-x86, r-release-linux-x86_64, r-release-macos-arm64, r-release-macos-x86_64, r-release-windows-ix86+x86_64
Version: 0.2.2
Check: dependencies in R code
Result: NOTE
Namespace in Imports field not imported from: ‘RCurl’
All declared Imports should be used.
Flavors: r-devel-linux-x86_64-fedora-clang, r-devel-linux-x86_64-fedora-gcc, r-devel-windows-x86_64-gcc10-UCRT, r-patched-solaris-x86, r-release-macos-arm64, r-release-macos-x86_64, r-oldrel-macos-x86_64